{"id":4,"date":"2017-09-24T18:47:56","date_gmt":"2017-09-24T18:47:56","guid":{"rendered":"http:\/\/kantera.com\/enlasmanos\/home\/"},"modified":"2017-09-24T21:13:32","modified_gmt":"2017-09-25T01:13:32","slug":"home","status":"publish","type":"page","link":"https:\/\/kantera.com\/enlasmanos\/index.php\/home\/","title":{"rendered":"Inicio"},"content":{"rendered":"<table style=\"height: 219px; width: 601px;\">\n<tbody>\n<tr>\n<td style=\"width: 136px;\"><img loading=\"lazy\" decoding=\"async\" class=\"\" src=\"http:\/\/kantera.com\/enlasmanos\/wp-content\/uploads\/2017\/09\/cropped-EnlasManosdejesus_logo.png\" alt=\"\" width=\"238\" height=\"238\" \/><\/td>\n<td style=\"width: 376px; text-align: left;\">\u00a0Nuestra Comunidad Cristiana Cat\u00f3lica comparte con todos ustedes nuestras reflexiones sobre la Palabra, lecturas y temas religiosos de inter\u00e9s. Somos parte de la Parroquia Universitaria Sant\u00edsima Trinidad, Santo Domingo, Rep\u00fablica Dominicana.<\/td>\n<\/tr>\n<\/tbody>\n<\/table>\n","protected":false},"excerpt":{"rendered":"<p>\u00a0Nuestra Comunidad Cristiana Cat\u00f3lica comparte con todos ustedes nuestras reflexiones sobre la Palabra, lecturas y temas religiosos de inter\u00e9s. Somos parte de la Parroquia Universitaria Sant\u00edsima Trinidad, Santo Domingo, Rep\u00fablica Dominicana.<\/p>\n","protected":false},"author":1,"featured_media":0,"parent":0,"menu_order":0,"comment_status":"closed","ping_status":"closed","template":"","meta":{"footnotes":""},"class_list":["post-4","page","type-page","status-publish","hentry"],"_links":{"self":[{"href":"https:\/\/kantera.com\/enlasmanos\/index.php\/wp-json\/wp\/v2\/pages\/4","targetHints":{"allow":["GET"]}}],"collection":[{"href":"https:\/\/kantera.com\/enlasmanos\/index.php\/wp-json\/wp\/v2\/pages"}],"about":[{"href":"https:\/\/kantera.com\/enlasmanos\/index.php\/wp-json\/wp\/v2\/types\/page"}],"author":[{"embeddable":true,"href":"https:\/\/kantera.com\/enlasmanos\/index.php\/wp-json\/wp\/v2\/users\/1"}],"replies":[{"embeddable":true,"href":"https:\/\/kantera.com\/enlasmanos\/index.php\/wp-json\/wp\/v2\/comments?post=4"}],"version-history":[{"count":4,"href":"https:\/\/kantera.com\/enlasmanos\/index.php\/wp-json\/wp\/v2\/pages\/4\/revisions"}],"predecessor-version":[{"id":75,"href":"https:\/\/kantera.com\/enlasmanos\/index.php\/wp-json\/wp\/v2\/pages\/4\/revisions\/75"}],"wp:attachment":[{"href":"https:\/\/kantera.com\/enlasmanos\/index.php\/wp-json\/wp\/v2\/media?parent=4"}],"curies":[{"name":"wp","href":"https:\/\/api.w.org\/{rel}","templated":true}]}}

<table style="height: 219px; width: 601px;">
<tbody>
<tr>
<td style="width: 136px;"><img loading="lazy" decoding="async" class="" src="http://kantera.com/enlasmanos/wp-content/uploads/2017/09/cropped-EnlasManosdejesus_logo.png" alt="" width="238" height="238" /></td>
<td style="width: 376px; text-align: left;"> Nuestra Comunidad Cristiana Católica comparte con todos ustedes nuestras reflexiones sobre la Palabra, lecturas y temas religiosos de interés. Somos parte de la Parroquia Universitaria Santísima Trinidad, Santo Domingo, República Dominicana.</td>
</tr>
</tbody>
</table>

<p> Nuestra Comunidad Cristiana Católica comparte con todos ustedes nuestras reflexiones sobre la Palabra, lecturas y temas religiosos de interés. Somos parte de la Parroquia Universitaria Santísima Trinidad, Santo Domingo, República Dominicana.</p>
